atest common factor of 8296782 and 1326?
1326
Calculate the highest common divisor of 39130 and 4945.
215
What is the highest common factor of 4216 and 35960?
248
Calculate the highest common divisor of 84 and 3684.
12
Calculate the greatest common factor of 8 and 267316.
4
What is the highest common divisor of 54 and 1277334?
18
What is the highest common factor of 3032 and 8?
8
What is the greatest common factor of 214 and 2566074?
214
Calculate the greatest common factor of 45684 and 4131.
243
Calculate the greatest common factor of 10142 and 22.
22
What is the greatest common factor of 517192 and 442?
26
Calculate the greatest common divisor of 17878 and 8.
2
What is the highest common factor of 312312 and 112?
56
Calculate the greatest common divisor of 727754 and 268.
134
What is the greatest common factor of 10127933 and 89?
89
Calculate the greatest common divisor of 2496 and 453336.
312
Calculate the highest common divisor of 96464 and 136.
8
Calculate the highest common divisor of 1110341 and 38.
19
Calculate the highest common factor of 1272 and 19.
1
What is the greatest common divisor of 1001 and 308?
77
Calculate the highest common factor of 32 and 644624.
16
What is the greatest common divisor of 90 and 405?
45
What is the highest common factor of 400 and 300?
100
What is the greatest common divisor of 45 and 2005?
5
What is the greatest common divisor of 228114 and 3654?
522
What is the highest common divisor of 5036473 and 1222?
611
What is the highest common divisor of 546 and 19851?
39
What is the greatest common divisor of 20727 and 833?
49
Calculate the greatest common factor of 307557 and 81.
81
Calculate the highest common factor of 1551 and 6721.
517
What is the highest common factor of 31021 and 4167?
463
What is the greatest common factor of 6072 and 1221?
33
What is the greatest common factor of 9792 and 6579?
153
Calculate the highest common divisor of 348847 and 398.
199
What is the highest common divisor of 2185 and 532220?
115
What is the greatest common factor of 567 and 86373?
189
What is the greatest common divisor of 1603487 and 2429?
347
Calculate the greatest common divisor of 5288 and 1336.
8
What is the highest common divisor of 38 and 71041?
19
What is the greatest common divisor of 3146152 and 1136?
568
What is the highest common factor of 10000 and 16?
16
Calculate the greatest common divisor of 3888 and 1125.
9
What is the greatest common divisor of 4131 and 14229?
459
What is the highest common divisor of 64 and 71104?
64
What is the highest common divisor of 3435 and 465?
15
What is the highest common divisor of 1387326 and 1239?
177
What is the highest common factor of 1008594 and 3014?
274
What is the greatest common factor of 98394 and 837?
93
What is the greatest common divisor of 157396 and 43320?
1444
Calculate the highest common factor of 38130 and 8897.
1271
What is the greatest common divisor of 113414 and 14?
14
What is the greatest common factor of 188 and 9071?
47
Calculate the greatest common divisor of 7812 and 1827.
63
What is the greatest common divisor of 758 and 194427?
379
What is the highest common divisor of 12732 and 324?
12
Calculate the highest common divisor of 940465 and 1574.
787
What is the highest common divisor of 144 and 45776?
16
Calculate the greatest common factor of 4972 and 11.
11
What is the highest common divisor of 42 and 3024224?
14
What is the greatest common divisor of 128865 and 33?
33
Calculate the highest common divisor of 172832 and 1056.
352
What is the greatest common divisor of 5392 and 688?
16
What is the highest common divisor of 2465433 and 9?
9
What is the greatest common factor of 59772 and 2040?
204
Calculate the highest common factor of 58282 and 492863.
1267
Calculate the highest common factor of 72 and 22856.
8
Calculate the highest common divisor of 2912223 and 6548.
1637
What is the greatest common divisor of 3330 and 135?
45
What is the highest common divisor of 1848 and 147576?
264
Calculate the greatest common divisor of 16 and 4974592.
16
What is the greatest common divisor of 2709690 and 1230?
1230
Calculate the highest common divisor of 634 and 72593.
317
What is the greatest common divisor of 104315 and 7130?
155
What is the highest common divisor of 424 and 29576?
8
What is the highest common divisor of 4030 and 112450?
130
What is the highest common divisor of 90 and 117210?
30
What is the greatest common divisor of 20 and 924740?
20
Calculate the greatest common factor of 202 and 474599.
101
What is the greatest common divisor of 559936 and 256?
64
What is the highest common factor of 608 and 4370?
38
What is the greatest common divisor of 768 and 375?
3
What is the highest common factor of 432 and 29124?
36
What is the greatest common factor of 3820 and 410?
10
Calculate the highest common divisor of 837243 and 72.
9
Calculate the highest common factor of 2278099 and 265.
53
Calculate the highest common divisor of 17 and 145979.
17
What is the greatest common factor of 27 and 75861?
9
What is the highest common divisor of 600 and 29832?
24
What is the highest common factor of 42315 and 1407?
21
What is the greatest common factor of 1644444 and 1224?
612
Calculate the greatest common divisor of 117744 and 72.
24
What is the highest common factor of 32 and 36056?
8
What is the highest common factor of 6075 and 92475?
675
What is the greatest common divisor of 18 and 169443?
9
Calculate the greatest common factor of 48 and 146676.
12
Calculate the highest common divisor of 324 and 1452.
12
What is the greatest common divisor of 4064 and 12?
4
Calculate the highest common divisor of 19 and 2162143.
19
Calculate the highest common factor of 2060271 and 333.
333
What is the greatest common divisor of 288 and 452304?
144
Calculate the greatest common divisor of 10586 and 21.
1
Calculate the highest common factor of 179180 and 465.
155
What is the highest common factor of 144740 and 20?
20
What is the greatest common factor of 765 and 30481?
17
What is the highest common factor of 52 and 1838?
2
What is the highest common divisor of 12924 and 232273?
359
Calculate the highest common divisor of 796265 and 142.
71
Calculate the highest common factor of 59 and 6808954.
59
What is the greatest common factor of 1684 and 50?
2
Calculate the greatest common divisor of 180 and 3844035.
45
Calculate the highest common divisor of 96460 and 416.
52
Calculate the highest common factor of 450 and 5094.
18
What is the greatest common factor of 493 and 899?
29
What is the highest common factor of 278750 and 892?
446
What is the greatest common factor of 1872 and 1911?
39
Calculate the greatest common divisor of 777 and 6919703.
259
Calculate the highest common factor of 7300 and 850.
50
What is the greatest common factor of 47966 and 261?
29
Calculate the greatest common divisor of 28671 and 1007.
19
Calculate the highest common divisor of 15141 and 515.
103
What is the greatest common factor of 174 and 1218?
174
What is the highest common factor of 7575 and 24975?
75
What is the greatest common factor of 1099 and 76459?
157
What is the greatest common divisor of 3201 and 12287?
11
Calculate the highest common factor of 304 and 29776.
16
Calculate the greatest common factor of 30906 and 92106.
306
Calculate the highest common factor of 13797 and 1827.
63
Calculate the greatest common factor of 24 and 3432684.
12
Calculate the highest common divisor of 24 and 599448.
24
What is the highest common divisor of 20776 and 4664?
424
What is the greatest common divisor of 187 and 12172?
17
Calculate the highest common divisor of 48 and 240888.
24
Calculate the highest common factor of 4164 and 288357.
1041
Calculate the greatest common factor of 242 and 1727.
11
What is the highest common factor of 1696 and 32?
32
What is the highest common divisor of 966 and 26922?
42
Calculate the highest common factor of 282 and 539372.
94
Calculate the highest common factor of 37180 and 13640.
220
What is the highest common divisor of 2848 and 1248?
32
What is the greatest common factor of 544 and 2567?
17
Calculate the greatest common divisor of 7073 and 539.
11
Calculate the greatest common divisor of 204 and 43728.
12
What is the greatest common factor of 17576673 